derivative of -v**8/6720 + v**7/504 - v**4/4 + 4*v. Let g(n) be the third derivative of h(n). What is g(4)?
16
Let g(t) = -3*t**2 + 1. Let l = -1370 + 1372. Determine g(l).
-11
Let v = -2 - -5. Suppose 0 = -5*f + v - 18. Let a(s) = -s + 2. Let p(i) = 2*i - 5. Let c(l) = -14*a(l) - 6*p(l). Give c(f).
-4
Let k be (-11)/3 - (-12 + (-407)/(-33)). Let c(i) be the third derivative of i**4/24 + i**3 + 4*i**2. Calculate c(k).
2
Let y(v) = 4*v**2 - 81*v + 4. Let p(z) = -z**2 + 16*z - 1. Let f(d) = 11*p(d) + 2*y(d). Determine f(4).
5
Let t(q) = -14*q**2 - 2*q + 2. Let i = 2222 - 2220. Give t(i).
-58
Let b(o) be the first derivative of -o**7/840 - 7*o**6/360 + 3*o**5/40 + 7*o**4/24 - 28*o**3/3 + 34. Let s(r) be the third derivative of b(r). Give s(-8).
-1
Let f(s) be the second derivative of -s**5/20 + s**4/4 - s**3/2 + 3*s**2/2 + 11*s. Let c be 6/4 - 945/(-42). Let g = c + -22. What is f(g)?
1
Let m(a) be the first derivative of -10 + 0*a - 1/3*a**3 + 0*a**2. Determine m(2).
-4
Suppose 5*q + 1 = 11. Suppose q*s - 3*b = -5*b - 10, -5*s - 4*b - 21 = 0. Let d(c) = c. Give d(s).
-1
Let v be (-21)/(-6) + 3/(-2). Let d(a) = -2 - 7 - a**v - 5 + 8 + 3*a. Suppose -2*c = 2 - 10. Calculate d(c).
-10
Let h(s) = -7*s**2 + 13*s + 6. Let v(l) = 15*l**2 - 29*l - 13. Let p(d) = 13*h(d) + 6*v(d). Give p(-5).
0
Let x(a) = -2*a**2 + 10*a + 5. Suppose 12*l - 3*h + 27 = 15*l, -3*l = 2*h - 24. What is x(l)?
-7
Let u = 3/49 + 40/147. Let k(p) be the third derivative of 0*p + 0 - 4*p**2 - u*p**3 + 1/8*p**4. Determine k(3).
7
Let u = 1140 + -1138. Let t(v) = -v**2 + 2*v + 1. What is t(u)?
1
Let d(j) be the second derivative of j**3/6 - 3*j**2/2 - j. Let t be (-1586)/286 - 12/(-22). Give d(t).
-8
Let g(j) = -4*j - 2. Suppose -3*q = 2*u - 212, 4*u + 8*q = 4*q + 428. Let n = -111 + u. Give g(n).
6
Let u(x) be the third derivative of -x**6/120 + x**5/10 - x**4/24 + x**3 + 41*x**2. Suppose -2*m - 2 = -w, 5*w + m = -m + 34. Calculate u(w).
0
Let m(y) = -61*y + 40*y - y**3 - 7*y**2 + 9 + 31*y. Give m(-8).
-7
Let h = 0 + 1. Let i(f) be the second derivative of 3*f**4/4 + f**3/6 - f**2/2 - 19*f - 12. Determine i(h).
9
Let q be (3 - -3) + -9 - (-362)/120. Let c(n) be the third derivative of -6*n**2 - q*n**5 + 0*n - 3/2*n**3 + 0 - 5/12*n**4. Give c(-9).
0
Let h(d) be the third derivative of d**6/120 - d**5/30 - d**4/12 + d**3/6 + 2*d**2 - 11. Give h(2).
-3
Suppose -4*q = g + 2, -4*g - 2*q + 5*q + 11 = 0. Let i(l) = l**2 + 1. Calculate i(g).
5
Let r(w) be the second derivative of w**5/20 - w**4/3 - w**3 + 5*w**2/2 - 6*w. Let g(k) = -k. Let h = 10 - 15. Let j be g(h). Calculate r(j).
0
Suppose 45*t = 46*t - 52. Suppose t = 9*r - 2. Let l(m) = m**3 + 0*m**3 - 4 - 6*m + 7*m**2 - 2*m**3. Calculate l(r).
-4
Let t(v) = 7*v + 3*v - 7*v - 2*v + 13. What is t(-11)?
2
Let p(m) = 1 - 66*m**2 + 64*m**2 + 12*m + 6 - 8. Calculate p(5).
9
Let j(l) be the first derivative of -l**2/2 + 48*l + 82. Calculate j(0).
48
Let x be 2/6 - (7 - (-130)/(-15)). Let b(y) = 4*y**2 - 4*y + 4. Determine b(x).
12
Suppose 0 = 3*j - 3, 2*j = -h + 6 - 2. Let r be h/(32/(-14) - -2). Let d(v) = 13*v**2 - 11 - 12*v**2 + 3 + 6*v. Calculate d(r).
-1
Suppose 0 = -4*g + u + 16, g - 2*u + 0 = 11. Suppose -g*j = -4 - 5. Let z(w) = w + j*w + 1 - 2 - 2*w. Give z(4).
7
Let u = -1032 + 1038. Let f(v) = -2*v - 3. What is f(u)?
-15
Let x(y) = -11*y - 130. Let c be x(-12). Let v(n) = -2*n**3 + 2*n. Calculate v(c).
-12
Let p(l) = l**3 + 3*l**2 + 2*l - 2. Suppose f + 23 - 21 = 0. Let g(v) = -v**2 - 6*v - 6. Let z be g(-5). Let k = f + z. Give p(k).
-8
Let i(c) = c**3 - 3*c**2 - 2*c - 1. Suppose -432 = 2*u - 440. Determine i(u).
7
Let t(c) = c + 2. Let n = 157 + -84. Suppose -n = -6*u + 59. Let o = 17 - u. Determine t(o).
-3
Let m be -6*(-2)/6*(37 + -38). Let l(u) = 1. Let r(o) = 6*o + 8. Let f(s) = -5*l(s) + r(s). Calculate f(m).
-9
Let c(x) be the first derivative of x**5/120 - x**4/6 - 2*x**3/3 + 2. Let q(r) be the third derivative of c(r). Let k = 135 - 130. What is q(k)?
1
Let l(g) = -g**2 - 13*g - 11. Let a(v) = -6*v + 2. Let r be a(-13). Suppose 0 = -84*z + r*z - 44. Determine l(z).
11
Let d(j) = 8*j**3 + 10*j**2 + 4*j - 1. Let l(n) = 7*n**3 + 8*n**2 + 3*n - 1. Let g(b) = 3*d(b) - 4*l(b). Determine g(1).
-5
Let i(r) = 2*r - 7*r**2 + 2 + 13*r**2 - 5*r + 1. Determine i(2).
21
Let q be (-1 + 0)/(16/(-160)). Let x be 0 - (q - 5) - -6. Let y(g) = -9*g**3 - g**2 - g + 1. Calculate y(x).
-10
Let i(r) = 27328 + 0*r**3 - 3*r**2 + r**3 - 27335 - r. What is i(3)?
-10
Let h(w) = -3*w**2 + 35*w - 11. Let p(g) be the first derivative of -g**3/3 + 6*g**2 - 4*g - 3. Let o(j) = 4*h(j) - 11*p(j). Calculate o(7).
7
Let t(o) = 5856*o - 11 - 2925*o - 2929*o. Give t(7).
3
Let h(y) be the first derivative of y**4/4 - 2*y**3 + y**2 + 7*y + 28. Give h(5).
-8
Let p(d) be the third derivative of -d**6/40 - d**5/60 + d**4/12 - d**3/6 + 7*d**2 + 4*d. Give p(-2).
15
Let p(o) = -o**2 - 8*o + 1. Let a(u) = -2*u**2 + 47*u + 16. Let r(x) = -x**2 + 31*x + 11. Let h(b) = -5*a(b) + 8*r(b). Let l be h(-5). Give p(l).
8
Let h(m) = 2*m**2 - 11*m - 1. Suppose u = -5*r + 32, -12*r + 8*r - 2*u = -28. Calculate h(r).
5
Let z(v) = 423 - v + 2*v - 422. Give z(4).
5
Let h be 3 + (0 - 1 - 1). Let z be (6/(-3) + 7)/h. Suppose -4*u - 9 = 3*w, 2*u - z + 11 = 0. Let g(k) = -11*k**2 - k. Calculate g(w).
-12
Suppose -4*x + 17 = a - 6, -3*x - 4 = 5*a. Let f(z) = -3*z**2 + 30*z - z**3 - x*z - 18*z + 5*z**2. Give f(4).
-12
Let f be 2/4 + (-10 - (-72)/(-16)). Let g(k) = k**2 + 16*k + 17. What is g(f)?
-11
Let u(l) be the third derivative of -l**5/60 + 5*l**4/24 - 5*l**3/6 + 266*l**2. Give u(2).
1
Let t = 10 + -14. Let z(n) = 18*n - 33. Let b(u) = 6*u - 11. Let y(x) = -8*b(x) + 3*z(x). Let g(f) = -5*f + 11. Let d(h) = t*y(h) - 5*g(h). Determine d(5).
-6
Suppose -33 = -11*v - 0*v. Let k(l) = -l**3 + 3*l**2 - 2*l - 4. Determine k(v).
-10
Let k(x) be the second derivative of -x + 0 - 1/6*x**3 + 9/2*x**2. Calculate k(6).
3
Suppose -30 = -4*t + 5*g, -5*t - 4*g = -t - 12. Let x(n) = -n - 3*n**2 - 4 - 5*n + 7*n + t. Give x(-1).
-3
Let t(c) be the first derivative of -c**2/2 + 11*c - 2. Let m(i) = -i + 22. Let b(n) = -n + 15. Let u be b(12). Let s(j) = u*m(j) - 5*t(j). Give s(-8).
-5
Let m = -6 - -12. Let h(z) be the first derivative of -z**2 + 3*z + 38. Calculate h(m).
-9
Let r = 8 - 3. Suppose 2*t - 3*t - 11 = 0. Let m = r + t. Let j(v) = -v**2 - 6*v + 3. Determine j(m).
3
Let j(i) = -i**3 + 4*i**2 - 4*i + 2. Let o(f) = -13*f - 2. Suppose 3*t + q = -1, -12 = t - 4*q - 3. Let m be o(t). Suppose 4*n = 5 + m. Give j(n).
-14
Let x be (-6)/(-4) + (-171)/(-6). Suppose 3*i = 8*i - x. Let g(s) = -s - 1. Calculate g(i).
-7
Let c(o) = -8*o - 13*o**2 + 3*o**3 - 17*o**2 - 4*o**3 + 21*o**2. What is c(-8)?
0
Let q = 1252 + -1249. Let m(u) be the first derivative of 7 - 3/2*u**2 - q*u. Determine m(-3).
6
Let y(f) be the first derivative of f**3/3 + 5*f**2/2 - f + 9. Let v be y(-6). Let t(s) = 4*s + 3 - 5*s**2 - 2*s - 3*s + s**3. Calculate t(v).
-2
Let x(n) be the third derivative of -n**9/10080 + n**7/2520 + n**6/720 - 3*n**5/20 + 13*n**2. Let o(g) be the third derivative of x(g). Give o(-1).
5
Let i(h) = -5*h**2 + 8*h + 9. Let v(t) = -3*t**3 + 1. Let a be v(-1). Let w(d) = 14*d**2 - 23*d - 26. Let y(r) = a*w(r) + 11*i(r). Determine y(5).
0
Let d(v) = -v**2 + 11*v - 6. Suppose -27*j + 19 = -143. Give d(j).
24
Suppose 0 = 4*n + n - 2*u - 28, 0 = n - 2*u - 4. Let j(w) be the first derivative of 2 - 2*w**3 + w**2 + 1/4*w**4 + w. Calculate j(n).
13
Let w = -3123 - -3120. Let a(p) be the second derivative of p**5/60 + p**4/24 + p**3/2 - p**2/2 + 2*p. Let y(b) be the first derivative of a(b). Calculate y(w).
9
Let q be ((-3)/4)/((-1)/8). Let n(v) = -2*v**3 - 2*v**2 - v + 1. Let a(l) = -3*l**3 + 3*l**2 + 4*l + 5. Let d(f) = -a(f) + n(f). What is d(q)?
2
Let q(x) = 13*x**2 - 10*x - 7. Let k(b) = 29*b**2 - 20*b - 15. Let r(c) = 4*k(c) - 9*q(c). What is r(10)?
3
Let r be 3/(-3)*5*-1. Let s(k) = k - 9. Let m be s(11). Let g(x) = 1 - x + 3 - m + 2. Determine g(r).
-1
Let b = -86 - -92. Suppose 2*n - 2*a - a = 13, 4*n = 2*a + b. Let y(z) = z + 1. Determine y(n).
0
Let z(r) = 5*r + 7. Let p be z(3). Let d = -19 + p. Let a(b) = -2*b + b**2 + 3*b**3 + 6*b - 4*b**3 + 0*b. What is a(d)?
-6
Let t(h) be the first derivative of -h**